{"id":147588,"date":"2021-01-30T11:43:52","date_gmt":"2021-01-30T10:43:52","guid":{"rendered":"http:\/\/www.marcedouardnabe.com\/?page_id=147588"},"modified":"2025-09-25T06:30:50","modified_gmt":"2025-09-25T05:30:50","slug":"accueil-porcs-2","status":"publish","type":"page","link":"https:\/\/www.marcedouardnabe.com\/","title":{"rendered":""},"content":{"rendered":"<p><img loading=\"lazy\" decoding=\"async\" class=\"aligncenter size-full wp-image-160972\" src=\"https:\/\/www.marcedouardnabe.com\/wp-content\/uploads\/2025\/09\/6sj4g.png\" alt=\"\" width=\"1790\" height=\"324\" srcset=\"https:\/\/www.marcedouardnabe.com\/wp-content\/uploads\/2025\/09\/6sj4g.png 1790w, https:\/\/www.marcedouardnabe.com\/wp-content\/uploads\/2025\/09\/6sj4g-1280x232.png 1280w, https:\/\/www.marcedouardnabe.com\/wp-content\/uploads\/2025\/09\/6sj4g-980x177.png 980w, https:\/\/www.marcedouardnabe.com\/wp-content\/uploads\/2025\/09\/6sj4g-480x87.png 480w\" sizes=\"auto, (min-width: 0px) and (max-width: 480px) 480px, (min-width: 481px) and (max-width: 980px) 980px, (min-width: 981px) and (max-width: 1280px) 1280px, (min-width: 1281px) 1790px, 100vw\" \/><\/p>\n<div style=\"width: 1080px;\" class=\"wp-video\"><video class=\"wp-video-shortcode\" id=\"video-147588-1\" width=\"1080\" height=\"608\" preload=\"metadata\" controls=\"controls\"><source type=\"video\/mp4\" src=\"https:\/\/www.marcedouardnabe.com\/wp-content\/uploads\/2025\/09\/Nabes-news-n_34.mp4?_=1\" \/><a href=\"https:\/\/www.marcedouardnabe.com\/wp-content\/uploads\/2025\/09\/Nabes-news-n_34.mp4\">https:\/\/www.marcedouardnabe.com\/wp-content\/uploads\/2025\/09\/Nabes-news-n_34.mp4<\/a><\/video><\/div>\n<h1>\u00a0<\/h1>\n<h1 style=\"text-align: center;\"><a href=\"https:\/\/nabesnews.com\/produit\/n34-23-septembre-2025\/\" target=\"_blank\" rel=\"noopener\"><strong><span style=\"color: #0000ff;\">NUM\u00c9RO 34 &#8211; 23 SEPTEMBRE 2025<\/span><\/strong><\/a><\/h1>\n<p>\u00a0<\/p>\n<p style=\"text-align: justify;\">Apr\u00e8s l&rsquo;historique num\u00e9ro 33 de Nabe\u2019s News du 12 juin 2023 (qu\u2019il fallait bien deux ann\u00e9es pour lire en entier), voici le nouveau num\u00e9ro, colossal\u2026 Petit scoop au passage : nous allons faire en sorte d\u2019en produire davantage ; promis !<\/p>\n<p style=\"text-align: justify;\">Les premiers qui ont eu la chance de prendre connaissance de ce num\u00e9ro 34 n\u2019ont su que dire : \u00ab Waouh ! \u00bb.<\/p>\n<p style=\"text-align: justify;\">Rien que la Une ! LES Unes\u2026 Deux photo-montages inoubliables d&rsquo;Atroce&#8230; \u00c7a valait le coup d&rsquo;attendre ! Et la masse de textes\u2026 Purement incroyable !<\/p>\n<p style=\"text-align: justify;\">Au programme, pour le grand retour de la gazette num\u00e9rique nabienne, tenez-vous bien :<\/p>\n<ul>\n<li>Le second volet gigantesque de l\u2019entretien \u00ab J\u2019accule ! \u00bb avec le docteur Marty sur l&rsquo;affaire Matzneff et ses cons\u00e9quences. Inceste. P\u00e9dophilie. Metoo\u2026 Et de Gide \u00e0 Petrone, en passant par Sade et Pierre Lou\u00ffs, tant de choses \u00e0 apprendre\u2026<\/li>\n<li>Toute l\u2019Affaire Depardieu \u00e0 Compl\u00e9ments d\u2019enqu\u00eate avec l\u2019ignoble Moix. R\u00e9v\u00e9lations, analyses. Photos.<\/li>\n<li>Des articles fulminants : sur J\u00e9r\u00f4me Garcin qui abandonne Le Masque et la plume ; sur la revue d\u2019extr\u00eame-droite \u00c9l\u00e9ments ; sur Pierre Cormary et ses go\u00fbts de chiottes ; sur un hater d\u00e9masqu\u00e9\u2026<\/li>\n<li>L\u2019ex-actrice X Marilyn Jess qui commente Pornabe&#8230;<\/li>\n<li>Une vid\u00e9o de dialogue intime entre MEN et Mallaury Nataf.<\/li>\n<li>La n\u00e9crologie de l\u2019imb\u00e9cile Jean Teul\u00e9.<\/li>\n<li>Trois \u00e9normes textes sur Philippe Sollers. Sur sa maladie, sa mort, ses enterrements. Souvenirs de Nabe. Un portrait in\u00e9dit au pastel de MEN. \u00c9change de textos avec Constant Candelara.<\/li>\n<li>Londres de C\u00e9line, premi\u00e8re partie racont\u00e9e par Nabe (2h30 de vid\u00e9o in\u00e9dites ! ).<\/li>\n<li>R\u00e9ponses circonstanci\u00e9es au directeur du Bulletin c\u00e9linien Marc Laudelout, avec des mises en perspective et des analyses sur C\u00e9line en 1943. Et un texte rare de Brasillach\u2026<\/li>\n<li>Un hater de TikTok d\u00e9masqu\u00e9.<\/li>\n<li>Les fameuses rubriques \u00ab Qu\u2019est-ce ce qu&rsquo;il ne faut pas entendre ! \u00bb, \u00ab Captures amusantes \u00bb, \u00bb Tout s\u2019explique \u00bb, et d\u2019autres encore, nouvelles !<\/li>\n<\/ul>\n<p style=\"text-align: justify;\">Bonnes lectures !<\/p>\n<p style=\"text-align: justify;\">Il n&rsquo;y a plus qu&rsquo;un message \u00e0 faire passer : \u00ab Le nouveau Nabe\u2019s News 34 vient de para\u00eetre et ce n&rsquo;est d\u00e9j\u00e0 plus un simple \u00e9v\u00e9nement, mais un fait divers, tellement il est sanglant ! \u00bb<\/p>\n<h1 style=\"text-align: center;\"><strong><span style=\"color: #ff0000;\"><a style=\"color: #ff0000;\" href=\"https:\/\/www.nabesnews.com\">nabesnews.com<\/a><br \/><\/span><\/strong><\/h1>\n<p>\u00a0<\/p>\n<p style=\"text-align: justify;\">Merci \u00e0 David Vesper, Laurent Bosc, Antoine Rosselet, Anthoine Carton, Ludovic Mergen, Nicolas Crozet, Constant Candelara, Charles Branco, Fran\u00e7ois Poirson.<\/p>\n\n\n<p><\/p>\n","protected":false},"excerpt":{"rendered":"<p>\u00a0 NUM\u00c9RO 34 &#8211; 23 SEPTEMBRE 2025 \u00a0 Apr\u00e8s l&rsquo;historique num\u00e9ro 33 de Nabe\u2019s News du 12 juin 2023 (qu\u2019il fallait bien deux ann\u00e9es pour lire en entier), voici le nouveau num\u00e9ro, colossal\u2026 Petit scoop au passage : nous allons faire en sorte d\u2019en produire davantage ; promis ! Les premiers qui ont eu la [&hellip;]<\/p>\n","protected":false},"author":12,"featured_media":0,"parent":0,"menu_order":0,"comment_status":"closed","ping_status":"closed","template":"","meta":{"_acf_changed":false,"_et_pb_use_builder":"","_et_pb_old_content":"","_et_gb_content_width":"","footnotes":""},"class_list":["post-147588","page","type-page","status-publish","hentry"],"acf":[],"_links":{"self":[{"href":"https:\/\/www.marcedouardnabe.com\/wp-json\/wp\/v2\/pages\/147588","targetHints":{"allow":["GET"]}}],"collection":[{"href":"https:\/\/www.marcedouardnabe.com\/wp-json\/wp\/v2\/pages"}],"about":[{"href":"https:\/\/www.marcedouardnabe.com\/wp-json\/wp\/v2\/types\/page"}],"author":[{"embeddable":true,"href":"https:\/\/www.marcedouardnabe.com\/wp-json\/wp\/v2\/users\/12"}],"replies":[{"embeddable":true,"href":"https:\/\/www.marcedouardnabe.com\/wp-json\/wp\/v2\/comments?post=147588"}],"version-history":[{"count":62,"href":"https:\/\/www.marcedouardnabe.com\/wp-json\/wp\/v2\/pages\/147588\/revisions"}],"predecessor-version":[{"id":160978,"href":"https:\/\/www.marcedouardnabe.com\/wp-json\/wp\/v2\/pages\/147588\/revisions\/160978"}],"wp:attachment":[{"href":"https:\/\/www.marcedouardnabe.com\/wp-json\/wp\/v2\/media?parent=147588"}],"curies":[{"name":"wp","href":"https:\/\/api.w.org\/{rel}","templated":true}]}}